e factors of 54489045?
3, 5, 13, 279431
What are the prime factors of 16452371?
13, 61, 20747
List the prime factors of 910746427.
31, 947707
List the prime factors of 43871930.
2, 5, 4387193
List the prime factors of 225282129.
3, 199, 353, 1069
What are the prime factors of 2689707410?
2, 5, 13, 20690057
What are the prime factors of 27388290?
2, 3, 5, 547, 1669
What are the prime factors of 188576591?
7, 499, 53987
List the prime factors of 207942946.
2, 17, 47, 130127
List the prime factors of 933695477.
11, 13, 73, 89443
List the prime factors of 278468192.
2, 8702131
What are the prime factors of 1369755518?
2, 17, 40286927
What are the prime factors of 100828926?
2, 3, 11, 31, 16427
What are the prime factors of 25432431?
3, 19, 31, 37, 389
What are the prime factors of 456883064?
2, 11, 5191853
List the prime factors of 530352307.
937, 566011
What are the prime factors of 684863935?
5, 7, 31, 90173
What are the prime factors of 824861060?
2, 5, 19, 241, 9007
List the prime factors of 11019162.
2, 3, 7, 11, 17, 23, 61
What are the prime factors of 4805934424?
2, 53, 233, 48647
What are the prime factors of 53727840?
2, 3, 5, 12437
List the prime factors of 1681279295.
5, 7727, 43517
List the prime factors of 28405350.
2, 3, 5, 53, 397
List the prime factors of 129548575.
5, 13, 398611
List the prime factors of 22090797.
3, 2454533
What are the prime factors of 517637856?
2, 3, 53, 101737
What are the prime factors of 45605224?
2, 7, 814379
What are the prime factors of 315654899?
7, 45093557
List the prime factors of 137846299.
431, 319829
What are the prime factors of 1042982245?
5, 29, 7192981
List the prime factors of 29163456.
2, 3, 7, 2411
List the prime factors of 279558345.
3, 5, 11, 89, 19037
What are the prime factors of 2257378752?
2, 3, 19, 618799
List the prime factors of 1494224308.
2, 373556077
What are the prime factors of 227179492?
2, 43, 1320811
List the prime factors of 1849467446.
2, 924733723
What are the prime factors of 3570581525?
5, 7, 23, 887101
List the prime factors of 28982321.
28982321
List the prime factors of 15291043.
2251, 6793
List the prime factors of 446096620.
2, 5, 43, 518717
What are the prime factors of 107297553?
3, 11, 23, 373, 379
List the prime factors of 2305796805.
3, 5, 13, 23, 409, 419
What are the prime factors of 27318683?
7, 1489, 2621
What are the prime factors of 137960835?
3, 5, 9197389
What are the prime factors of 27773022?
2, 3, 19, 243623
What are the prime factors of 557147126?
2, 197, 1039, 1361
What are the prime factors of 1188433088?
2, 18569267
List the prime factors of 150823844.
2, 1367, 27583
List the prime factors of 110605228.
2, 1721, 16067
What are the prime factors of 46008553?
46008553
List the prime factors of 48853652.
2, 59, 137, 1511
What are the prime factors of 1989441084?
2, 3, 179, 926183
List the prime factors of 2526974163.
3, 7, 17, 37, 43, 1483
List the prime factors of 583096522.
2, 291548261
What are the prime factors of 9368535722?
2, 7, 13, 51475471
List the prime factors of 259053451.
3947, 65633
List the prime factors of 76707984.
2, 3, 139, 11497
What are the prime factors of 134631866?
2, 67315933
What are the prime factors of 630482369?
11, 57316579
List the prime factors of 802708564.
2, 7, 28668163
What are the prime factors of 4385237795?
5, 137, 827, 7741
List the prime factors of 1900958404.
2, 475239601
What are the prime factors of 58371854?
2, 1783, 16369
What are the prime factors of 345778672?
2, 21611167
What are the prime factors of 7131161224?
2, 11, 17, 23, 9011
What are the prime factors of 64546238?
2, 271, 119089
What are the prime factors of 567862743?
3, 7, 31, 439, 1987
What are the prime factors of 51884449?
51884449
What are the prime factors of 5405049?
3, 13, 29, 59
List the prime factors of 63663222.
2, 3, 7, 1515791
What are the prime factors of 23177858?
2, 11, 1053539
What are the prime factors of 5303450028?
2, 3, 441954169
What are the prime factors of 2654024736?
2, 3, 11, 2513281
What are the prime factors of 1756987585?
5, 351397517
List the prime factors of 313930947.
3, 11, 9513059
What are the prime factors of 35727646?
2, 41, 167, 2609
What are the prime factors of 452097628?
2, 19, 313087
What are the prime factors of 96595674?
2, 3, 7, 239, 9623
List the prime factors of 414009941.
414009941
What are the prime factors of 953596723?
53, 191, 94201
What are the prime factors of 2851014824?
2, 7, 29, 250793
List the prime factors of 1017014904.
2, 3, 14125207
What are the prime factors of 1863338639?
367, 5077217
What are the prime factors of 3006921194?
2, 59, 25482383
What are the prime factors of 278033592?
2, 3, 11584733
List the prime factors of 44523298.
2, 1499, 14851
What are the prime factors of 5677577923?
67, 1499, 56531
What are the prime factors of 138362755?
5, 27672551
List the prime factors of 67071316.
2, 13, 29, 79, 563
List the prime factors of 593512343.
593512343
What are the prime factors of 1161627379?
11, 71, 1487359
What are the prime factors of 1127991007?
11, 13, 43, 103, 137
What are the prime factors of 925703284?
2, 11, 1039, 20249
List the prime factors of 4516855.
5, 7, 23, 31, 181
List the prime factors of 636911240.
2, 5, 7, 2274683
List the prime factors of 558380184.
2, 3, 31, 569, 1319
What are the prime factors of 927713837?
3659, 253543
List the prime factors of 67314258.
2, 3, 11, 109, 3119
List the prime factors of 21860364.
2, 3, 631, 2887
List the prime factors of 606878798.
2, 10313, 29423
What are the prime factors of 1857186420?
2, 3, 5, 17, 83, 21937
What are the prime factors of 113202495?
3, 5, 7, 109, 157
List the prime factors of 1005595303.
433, 467, 4973
What are the prime factors of 6456296618?
2, 17, 189891077
List the prime factors of 781855912.
2, 1381, 70769
What are the prime factors of 46500756?
2, 3, 23, 168481
List the prime factors of 328758473.
328758473
List the prime factors of 1179688482.
2, 3, 7, 107, 29167
List the prime factors of 4943605067.
27271, 181277
List the prime factors of 124165838.
2, 62082919
List the prime factors of 12187287.
3, 7, 64483
What are the prime factors of 124926702?
2, 3, 20821117
List the prime factors of 761650319.
173, 947, 4649
What are the prime factors of 96201287?
7, 13, 1057157
List the prime factors of 3019645951.
7, 281, 1535153
List the prime factors of 108518635.
5, 269, 80683
What are the prime factors of 16216592?
2, 7, 144791
What are the prime factors of 97813544?
2, 12226693
What are the prime factors of 569027539?
223, 373, 6841
What are the prime factors of 74140502?
2, 17, 2180603
List the prime factors of 229633487.
19, 59, 79, 2593
List the prime factors of 5535698409.
3, 821, 249727
List the prime factors of 5980478.
2, 7, 19, 22483
List the prime factors of 149460123.
3, 2351, 21191
List the prime factors of 142878616.
2, 151, 118277
List the prime factors of 539492940.
2, 3, 5, 7, 20389
What are the prime factors of 147918848?
2, 7, 11, 67
What are the prime factors of 615285870?
2, 3, 5, 263, 77983
What are the prime factors of 1443696?
2, 3, 19, 1583
What are the prime factors of 65623986?
2, 3, 19, 167, 383
What are the prime factors of 174421068?
2, 3, 14535089
List the prime factors of 240575080.
2, 5, 199, 30223
What are the prime factors of 488345396?
2, 7, 11, 1585537
List the prime factors of 20364558.
2, 3, 59, 57527
List the prime factors of 22652212.
2, 11, 514823
What are the prime factors of 152942863?
17, 8996639
List the prime factors of 88565026.
2, 11, 4025683
List the prime factors of 242988016.
2, 15186751
What are the prime factors of 1140555048?
2, 3, 43, 139, 7951
What are the prime factors of 6662924066?
2, 19, 175340107
What are the prime factors of 6102430502?
2, 7, 29, 2147231
List the prime factors of 215002555.
5, 71, 605641
What are the prime factors of 34587906?
2, 3, 23, 53, 4729
List the prime factors of 171402263.
41, 211, 19813
List the prime factors of 1649867.
17, 37, 43, 61
List the prime factors of 877084272.
2, 3, 6090863
List the prime factors of 339888944.
2, 21243059
List the prime factors of 6782819799.
3, 7, 322991419
What are the prime factors of 251016275?
5, 10040651
List the prime factors of 2726036089.
7, 4483, 86869
List the prime fac